t of 302593?
0
What is the units digit of 14566827?
7
What is the units digit of 385579?
9
What is the ten millions digit of 13563947?
1
What is the thousands digit of 810357?
0
What is the millions digit of 23582021?
3
What is the thousands digit of 5528619?
8
What is the hundreds digit of 523948?
9
What is the hundreds digit of 276635?
6
What is the units digit of 2381326?
6
What is the units digit of 23372746?
6
What is the millions digit of 1904358?
1
What is the hundreds digit of 8337169?
1
What is the thousands digit of 110011?
0
What is the hundred thousands digit of 541076?
5
What is the units digit of 37142?
2
What is the units digit of 296153?
3
What is the thousands digit of 476512?
6
What is the hundreds digit of 10139966?
9
What is the units digit of 1034875?
5
What is the hundred thousands digit of 138985?
1
What is the thousands digit of 17663227?
3
What is the ten thousands digit of 301124?
0
What is the ten thousands digit of 255566?
5
What is the millions digit of 2562525?
2
What is the hundred thousands digit of 609707?
6
What is the hundred thousands digit of 571131?
5
What is the hundred thousands digit of 11269399?
2
What is the hundreds digit of 317675?
6
What is the ten thousands digit of 573262?
7
What is the thousands digit of 69556?
9
What is the tens digit of 409708?
0
What is the units digit of 3012998?
8
What is the ten thousands digit of 9728950?
2
What is the thousands digit of 2399174?
9
What is the millions digit of 2355580?
2
What is the millions digit of 1976928?
1
What is the hundred thousands digit of 1372442?
3
What is the units digit of 9712955?
5
What is the units digit of 680672?
2
What is the units digit of 129070?
0
What is the hundred thousands digit of 597295?
5
What is the hundreds digit of 5369108?
1
What is the ten thousands digit of 12191621?
9
What is the ten thousands digit of 597696?
9
What is the hundred thousands digit of 16135391?
1
What is the units digit of 99151?
1
What is the tens digit of 1953365?
6
What is the hundreds digit of 7555463?
4
What is the hundreds digit of 196412?
4
What is the units digit of 4268554?
4
What is the units digit of 1510591?
1
What is the hundreds digit of 424657?
6
What is the hundreds digit of 2940620?
6
What is the hundreds digit of 653225?
2
What is the hundred thousands digit of 150672?
1
What is the hundreds digit of 39964?
9
What is the ten millions digit of 18858209?
1
What is the hundreds digit of 8221835?
8
What is the units digit of 55915?
5
What is the hundreds digit of 47726?
7
What is the ten millions digit of 11039000?
1
What is the hundreds digit of 762599?
5
What is the hundred thousands digit of 127702?
1
What is the hundred thousands digit of 141516?
1
What is the hundred thousands digit of 988150?
9
What is the thousands digit of 111521?
1
What is the ten thousands digit of 146225?
4
What is the thousands digit of 8101634?
1
What is the ten thousands digit of 926897?
2
What is the hundred thousands digit of 5086395?
0
What is the units digit of 21614?
4
What is the tens digit of 157860?
6
What is the hundreds digit of 137505?
5
What is the tens digit of 2618929?
2
What is the hundred thousands digit of 2354528?
3
What is the units digit of 20998144?
4
What is the tens digit of 5117918?
1
What is the hundreds digit of 4931269?
2
What is the ten thousands digit of 1812433?
1
What is the ten thousands digit of 2840432?
4
What is the tens digit of 668178?
7
What is the units digit of 1260797?
7
What is the thousands digit of 65148?
5
What is the units digit of 184312?
2
What is the hundred thousands digit of 10021667?
0
What is the hundred thousands digit of 454754?
4
What is the thousands digit of 4526687?
6
What is the hundreds digit of 2125756?
7
What is the hundreds digit of 4883122?
1
What is the hundreds digit of 7373695?
6
What is the tens digit of 530682?
8
What is the hundred thousands digit of 25352461?
3
What is the thousands digit of 38772?
8
What is the tens digit of 1094120?
2
What is the hundreds digit of 497571?
5
What is the units digit of 5137090?
0
What is the ten thousands digit of 678232?
7
What is the thousands digit of 33618?
3
What is the hundred thousands digit of 434327?
4
What is the hundred thousands digit of 142283?
1
What is the hundreds digit of 169454?
4
What is the hundred thousands digit of 2778096?
7
What is the tens digit of 9943587?
8
What is the hundreds digit of 106900?
9
What is the ten thousands digit of 154555?
5
What is the hundred thousands digit of 582001?
5
What is the ten thousands digit of 1937950?
3
What is the tens digit of 616610?
1
What is the hundreds digit of 265915?
9
What is the units digit of 1007493?
3
What is the units digit of 771333?
3
What is the thousands digit of 335155?
5
What is the thousands digit of 13629628?
9
What is the tens digit of 15817811?
1
What is the hundred thousands digit of 267039?
2
What is the thousands digit of 427420?
7
What is the thousands digit of 10939919?
9
What is the ten thousands digit of 2098975?
9
What is the thousands digit of 1919260?
9
What is the units digit of 12706143?
3
What is the hundred thousands digit of 1111391?
1
What is the units digit of 558794?
4
What is the tens digit of 793699?
9
What is the hundred thousands digit of 844518?
8
What is the ten thousands digit of 129746?
2
What is the thousands digit of 66970?
6
What is the hundreds digit of 2109469?
4
What is the units digit of 1039014?
4
What is the tens digit of 137885?
8
What is the tens digit of 38682?
8
What is the hundred thousands digit of 193674?
1
What is the millions digit of 14346909?
4
What is the ten thousands digit of 143364?
4
What is the units digit of 14437931?
1
What is the ten thousands digit of 744062?
4
What is the ten thousands digit of 1071573?
7
What is the ten thousands digit of 679663?
7
What is the thousands digit of 1830304?
0
What is the tens digit of 430835?
3
What is the thousands digit of 72644?
2
What is the hundred thousands digit of 989727?
9
What is the tens digit of 2254995?
9
What is the thousands digit of 898055?
8
What is the hundred thousands digit of 3538778?
5
What is the tens digit of 8423479?
7
What is the ten thousands digit of 333870?
3
What is the ten thousands digit of 9066314?
6
What is the units digit of 11265893?
3
What is the tens digit of 346242?
4
What is the ten thousands digit of 224375?
2
What is the units digit of 109624?
4
What is the hundred thousands digit of 2141487?
1
What is the hundreds digit of 925233?
2
What is the thousands digit of 3903164?
3
What is the ten thousands digit of 2456333?
5
What is the units digit of 371374?
4
What is the tens digit of 1933382?
8
What is the units digit of 136598?
8
What is the millions digit of 9174743?
9
What is the ten thousands digit of 995500?
9
What is the tens digit of 488250?
5
What is the ten thousands digit of 724383?
2
What is the units digit of 319973?
3
What is the hundreds digit of 1511277?
2
What is the millions digit of 3739575?
3
What is the units digit of 455500?
0
What is the hundreds digit of 27902701?
7
What is the thousands digit of 10379645?
9
What is the tens digit of 375754?
5
What is the ten thousands digit of 1107647?
0
What is the hundreds digit of 8230648?
6
What is the units digit of 1075844?
4
What is the hundred thousands digit of 355106?
3
What is the hundreds digit of 12034661?
6
What is the thousands digit of 3254095?
4
What is the hundred thousands digit of 624669?
6
What is the millions digit of 1741550?
1
What is the millions digit of 1125397?
1
What is the hundreds digit of 334310?
3
What is the hundreds digit of 4728336?
3
What is the thousands digit of 53465?
3
What is the millions digit of 1838687?
1
What is the units digit of 101770?
0
What is the units digit of 474719?
9
What is the thousands digit of 2216235?
6
What is the tens digit of 6071061?
6
What is the units digit of 1449147?
7
What is the thousands digit of 399642?
9
What is the units digit of 14089419?
9
What is the hundred thousands digit of 4330923?
3
What is the hundreds digit of 1777970?
9
What is the hundreds digit of 8979624?
6
What is the tens digit of 296591?
9
What is the thousands digit of 1388516?
8
What is the thousands digit of 49426?
9
What is the millions dig